e j(1). What is t(p)?
8
Let t(b) = -b**2 - 10*b - 5. Let r = 26 - -112. Let p = r + -145. Determine t(p).
16
Let t(d) = -9 - 10*d - 2 + 2 + 8. Suppose 0 = k + k. Suppose 0 = -4*o - 4*l + 12, -o + k*o = 5*l - 11. Give t(o).
-11
Let s(q) = -75*q - 76*q - 2*q**2 + q**2 - 68*q + 7*q**3 + 218*q. Calculate s(-1).
-7
Let a(m) be the first derivative of -m**4/4 - m**3 + 3*m**2 + 4*m - 352. Give a(-5).
24
Let c(y) = -13*y**2 - 2*y + 1. Suppose -3*z = 5*l - l + 25, -5*l + 2*z - 60 = 0. Suppose -5*b + 16 = 6. Let g be b/(-5) - 14/l. Calculate c(g).
-14
Let u(k) = -k - 10. Suppose 3*p - 24 = 2*m, 5*m + 0*p = 3*p - 42. Let t be u(m). Let v(w) = w + 4. What is v(t)?
0
Let c(v) = -2*v**2 + 3*v - 4. Let k be (-14)/2*2/(-7). Give c(k).
-6
Let p(f) = -f - 3. Let t be ((-15)/21 - -1) + 46/(-14). Let g(r) = -r**2 + r + 4. Let c(j) = t*g(j) - 4*p(j). Give c(-2).
10
Suppose -14*x = -15*x - 7. Let a(u) = -u**2 + 2*u - 1. Suppose 4*z + 49 = -5*c, 4*z = -c - 15 - 14. Let k(t) = t**2 - t. Let b(p) = x*a(p) + z*k(p). Give b(7).
0
Let b(s) = 37*s**3 - 68*s**2 + 5*s - 10 + 63*s**2 - 36*s**3. Give b(5).
15
Let o(t) = 5*t**2 + 6 - 1 - 8 + 3 - 3*t - 3. Suppose g + 1 = -1. What is o(g)?
23
Let n be ((-10)/(-8))/(1/4). Let h = 34 - 28. Let k(r) = 2 + r**2 - h*r - 10 + 1. What is k(n)?
-12
Let k(m) = 51 - 5*m + 12*m - m**2 - 49. Calculate k(5).
12
Let b be 25/(-75)*12/(-1 + -1). Let y(i) = -5*i - 10. Let c(t) = -3 - 3 + 4 - t. Let g(x) = b*y(x) - 11*c(x). Determine g(4).
6
Let k(n) = -12*n + 133. Let c be k(11). Let p(h) = -2*h. Determine p(c).
-2
Let b be 12/(-15)*(-20)/8. Let q(u) = u**3 - 7*u**2 + 8*u - 2. Let s be q(6). Suppose b*w + 2 = s. Let t(r) = r - 3. What is t(w)?
1
Let t(o) = 4*o**2 - o**3 + 2*o**2 + o**2 - o + 2. Let u be (26/(-3) + 4)*(-6)/4. What is t(u)?
-5
Let w(o) be the first derivative of -o**2/2 + 6*o + 1. Let s be w(6). Let a(h) = 2 - 28*h + 16*h + 11*h + s. Give a(3).
-1
Suppose 10*m - 30 = 40*m. Let u(p) = -4*p**2. Determine u(m).
-4
Suppose 3*j = 2*h - 13, 4*j + j + h = -26. Let c(a) be the third derivative of -a**4/24 + a**3/2 - 82*a**2. Give c(j).
8
Let y(i) be the second derivative of -i**5/20 + 5*i**4/12 + i**3/2 - 5*i**2/2 + 4*i. Let r = 642 + -637. Give y(r).
10
Let x(t) be the first derivative of 1/20*t**5 + 6*t**2 + 9 + 0*t**3 - 1/12*t**4 + 10*t. Let u(z) be the first derivative of x(z). What is u(0)?
12
Let t(i) = -i. Let a be t(1). Let l(h) = h**3 - 7*h**2 - h + 10. Let z be l(7). Let d(y) = y + 3. Let m(j) = -j - 2. Let q(v) = z*m(v) + 2*d(v). What is q(a)?
1
Let s(d) = 3*d - 2. Let n(w) = -5*w + 5. Let h(u) = 2*n(u) + 5*s(u). Suppose -5*x + 5*t = -30, -4*x + 3*t = 2*t - 12. What is h(x)?
10
Let h(y) = 82*y - 27*y**3 - 82*y + 1. Give h(1).
-26
Let z = 606 + -611. Let w(p) = -p**3 - 6*p**2 - 1. Calculate w(z).
-26
Suppose 5*t + f = 2*f + 28, 2*f + 8 = 2*t. Let x(l) = 2 - 4*l + 576*l**2 - 1 - 575*l**2. Calculate x(t).
13
Suppose -2*n - 4*i + 42 = 24, 0 = i - 5. Let d(a) = 9*a. Give d(n).
-9
Let h(q) be the first derivative of 3*q**4/4 - q**3/3 - q**2 + 681. Calculate h(2).
16
Let k(f) be the first derivative of f**2 - 1/12*f**4 + 4*f + 9 - 5/6*f**3. Let a(y) be the first derivative of k(y). Calculate a(-4).
6
Let k(n) = -5 + 8*n + 3 - 1135*n**2 - n**3 + 1 + 1127*n**2. Calculate k(-9).
8
Let r(f) = 4*f - 4*f - 2*f**2 + 0*f**2 - 6 + 5*f - f. Calculate r(2).
-6
Let p = -1 + -1. Let q = -8 - p. Let d be (70/(-21))/(4/q). Let x(c) = c. Give x(d).
5
Let k(f) = 11*f - 18. Let r(g) = 4*g - 8. Let c(b) = 3*k(b) - 7*r(b). Determine c(-1).
-3
Let b(n) = -1 + 4 + n + 1. Suppose 0 = -17*q + 12*q - 15, 3*q - 7 = 4*h. Give b(h).
0
Let j = -4 + 6. Suppose -2*f + 4*t + t - 1 = 0, 0 = -f + j*t + 1. Let g(n) = -195 + 195 - f*n. Determine g(-1).
7
Let o(j) = -5*j**3 - 8*j**2 - 10*j - 14. Let i(n) = -4*n**3 - 7*n**2 - 8*n - 12. Let b(k) = -6*i(k) + 5*o(k). What is b(2)?
-2
Let t(y) be the first derivative of -y**6/120 + y**5/60 - 19*y**2/2 + 10. Let v(u) be the second derivative of t(u). Let p be 4/(3/1 + -1). Determine v(p).
-4
Suppose 0*q = q - 4. Let g(j) = -10 + 5*j**3 - 5*j**3 + q + j**3 + 8*j**2. What is g(-8)?
-6
Let g(n) = -n**2 - 4*n - 3. Suppose 0 = 7*h - 1 - 62. Suppose -d - 2*l = -0*l + h, 0 = d - 4*l - 9. What is g(d)?
0
Let u(b) = -3*b + 7. Let j(l) = 7*l - 15. Suppose d - 21 = -3*w, 4*w - 13 = -5*d + 48. Let p(c) = d*u(c) + 4*j(c). Let y be 2/(-2*(-3)/(-21)). Calculate p(y).
-4
Let d(j) = -j + 5. Let q be d(4). Let c(s) = -10*s**3 - 25*s**2 + 10*s - 7. Let o(a) = 5*a**3 + 15*a**2 - 6*a + 4. Let h(b) = 3*c(b) + 5*o(b). Give h(q).
-6
Suppose 3*f = 7*f - 3*x + 9, 4*x - 12 = -4*f. Let d(j) = -12*j**2 + 3*j + 9. Let i(c) = -7*c**2 + 2*c + 6. Let b(y) = -3*d(y) + 5*i(y). Calculate b(f).
3
Let n(q) = 34*q - 514. Let v be n(15). Let o(t) = 9*t + 2. Determine o(v).
-34
Let d(b) be the second derivative of -b**3/6 + 2*b**2 - 5*b. Let l(x) = 27*x**3 + 2*x**2 - 2*x + 1. Let q be l(1). Let m = 25 - q. What is d(m)?
7
Let h be (-14)/49 + 161/49. Let a(z) = -4 + z**2 + 0*z**2 + 0 + z + 0*z. Calculate a(h).
8
Let l(s) = 12*s**3 - s + 1. Suppose 0 = -2*k + 2*c + 4, 5*k + c - 1 = -3*c. Give l(k).
12
Let w be 4/(-6) - (-110)/(-33). Let a(l) = -l**3 - 35 + 14 + 19 - 5*l**2 - 5*l. Calculate a(w).
2
Let b(g) = g**3 + g**2 + 5. Let o = -74 - -72. Let k be o/(-17) - 12/102. What is b(k)?
5
Let z(w) be the third derivative of 1/60*w**5 + 0 + 3*w**2 - 1/3*w**3 + 0*w - 7/24*w**4. What is z(6)?
-8
Let t(u) = -11*u**2 + 54*u + 17. Let p(y) = -5*y**2 + 25*y + 8. Let s(c) = 13*p(c) - 6*t(c). Give s(0).
2
Let n(l) = -2*l - 3 + 155*l**2 - 5*l**3 - 2*l - 157*l**2. What is n(-1)?
4
Suppose -y = -5*k - 28, 0*k - 18 = -y + 3*k. Let t(m) = 4*m**2 + 3*m + 5. Let i(x) = -3*x**2 - 4*x - 5. Let v(h) = y*i(h) + 2*t(h). Calculate v(-6).
-5
Let t(j) = -j + 7. Let w(h) = h**3 - 10*h**2 + 4*h - 17. Let f be w(10). Let z be 1*(-4)/(-2) - (f + -25). Calculate t(z).
3
Let l(x) = 7*x**2 - 2*x + 3. Let a be (4 + -2 + 60/(-35))*7. Give l(a).
27
Let i(h) = h**2 + h - 22. Suppose 0 = 9*p - 27*p. What is i(p)?
-22
Let p = -31 + 33. Suppose -u + 5*o = 4*u - 15, -5*u + p*o = -24. Suppose 7*y = y - u. Let a(s) = -4*s. Give a(y).
4
Let s(b) = -3*b - 10. Let n(j) = -j - 3. Let c(o) = -n(o) + s(o). Determine c(-9).
11
Let c(x) = 15*x**3 - 10*x**2 - x - 4. Let u(b) = 7*b**3 - 5*b**2 - b - 2. Let v = 33 + -39. Let m(w) = v*c(w) + 13*u(w). Calculate m(6).
-8
Let f(i) be the first derivative of 3*i**2/2 + 5*i - 3. Let p = 7 + -22. Let q = p - -9. Calculate f(q).
-13
Let p(m) = -m**3 - 3*m**2 + m - 2. Suppose -y + 100 = -0*y. Let j be (1/1)/(10/y). Suppose -j = -2*r, -2*u = -0*u + 3*r - 9. What is p(u)?
-5
Suppose -5*x + 10 = 35, -20 = 5*a + 3*x. Let r = 90 - 88. Let o(t) = 6*t + 144*t**3 - 5*t - 140*t**3 + 2*t**r. What is o(a)?
-3
Let h = 176 + -181. Let k(x) = -x - 2. Give k(h).
3
Let f(u) = -1 + 9*u**3 + 11*u - 4*u**3 + 13*u - 23*u. What is f(1)?
5
Let a(m) be the first derivative of m**5/60 - m**4/8 + 17*m**3/3 - 4. Let k(i) be the third derivative of a(i). Determine k(4).
5
Let f(t) = -3*t - 2 + 6*t + 0 + 5. Let b = -13 + 18. Suppose 7*s = 5*q + 2*s - 5, -b = q + s. Calculate f(q).
-3
Let v(f) = -f + 3. Suppose -1 = -3*p + 17. Let j = 1 - p. Let s = -5 - j. Calculate v(s).
3
Let q be 10/((40/52)/5). Let i = q + -35. Let g be (-1)/5 + (-144)/i. Let l(f) = 2*f + 5. Give l(g).
-5
Let x(t) = -1 - 1 + 3*t + 3. Let j(r) = -r**3 + 2*r**2 + 9*r - 9. Let l be j(4). Give x(l).
-14
Let r(q) = -q + 2. Let g(z) = -2*z + 4. Let o(t) = 3*g(t) - 5*r(t). Suppose 2*b = -5*x + 18, 16 = 8*b - 4*b + 5*x. Let p be (7/(-21))/(b/18). What is o(p)?
-4
Let x(b) = -28*b + 36*b + b**2 + 1 + 7. Let a be ((-4)/10)/((-6)/240). Let j = -22 + a. Calculate x(j).
-4
Let j(n) = n**2 + 5*n - 3. Let t be 33*(-2)/8*-4. Let w = t + -28. Suppose 3*a + 4*g = -26, -w*a + g = -2*g + 24. Give j(a).
3
Let z(u) = -5*u - 11 - 18*u**2 + 19*u**2 + 0 + 9*u + 5*u. Give z(-8).
-19
Let z be (-4)/(-9)*(7 - (-1939)/(-280)). Let b(f) be the third derivative of 0 + 0*f**3 + 0*f**4 + 0*f + 2*f**2 - z*f**5. Determine b(-2).
-8
Let f(s) = 6*s**2 - s. Let h be f(1). Let n(y) be the third derivative of 0*y + 0 + 1/2*y**3 - 1/24*y**4 + 8*y**2. Calculate n(h).
-2
Let w(j) = -4*j**2 + 7. Let d be w(2). Let o(g) = g**2 + 15*g + 2. Give o(d).
-52
Let u(f) = -f**2 + 11*f +